to base 12
-403a7
-11a3d9 (base 14) to base 16
-9392b
What is -179d4 (base 15) in base 9?
-125811
What is 34114b (base 12) in base 9?
1506375
-1e2a1f (base 16) to base 14
-396607
What is 110202311110 (base 4) in base 15?
715ac1
What is -12551714 (base 8) in base 9?
-5247101
-5b5554 (base 13) to base 2
-1000010100110110000111
What is 10010220220200 (base 3) in base 10?
1671534
What is -1191120 (base 12) in base 14?
-651800
What is -1ad4 (base 15) in base 2?
-1011011000000
120002201 (base 4) to base 7
560033
What is 34000 (base 16) in base 14?
5789a
Convert 26026 (base 8) to base 4.
2300112
-2102012200222 (base 3) to base 4
-10321113200
520302 (base 9) to base 10
308612
110110210101222 (base 3) to base 10
6629093
-1601632 (base 7) to base 6
-4410331
-21400120 (base 5) to base 7
-1365432
What is 3412434122 (base 5) in base 11?
42945a8
Convert 186a11 (base 11) to base 14.
76a39
Convert -3cc8916 (base 13) to base 2.
-1001001100111010111111111
What is -157820 (base 9) in base 8?
-276527
What is 88652 (base 14) in base 7?
2544432
What is -1ac4 (base 16) in base 7?
-25656
What is -e1695 (base 16) in base 7?
-10563536
What is 2221002 (base 5) in base 3?
1222022220
What is 10123036 (base 7) in base 5?
204034313
Convert 11101000110111001110 (base 2) to base 13.
2751a9
Convert 22140102 (base 5) to base 2.
101111001010000000
Convert -1226148 (base 10) to base 2.
-100101011010110100100
What is 12210210010 (base 3) in base 8?
337166
What is -517d0d (base 16) in base 8?
-24276415
What is 198963 (base 10) in base 6?
4133043
-3010131321 (base 4) to base 12
-329849
3865808 (base 9) to base 12
859352
-498493 (base 10) to base 3
-221022210201
110823 (base 10) to base 8
330347
7b0268 (base 12) to base 6
110121412
What is 1244d1 (base 14) in base 16?
98fa7
What is -121000110211022 (base 3) in base 8?
-40361626
What is -1310ca8 (base 14) in base 4?
-203002022310
What is -30413311 (base 5) in base 3?
-110121010120
What is 1111101100001100001 (base 2) in base 4?
1331201201
-1201112200212 (base 3) to base 8
-3375245
Convert -251389 (base 10) to base 3.
-110202211201
What is 10322130221 (base 4) in base 14?
257545
Convert -113414230 (base 5) to base 13.
-156c07
What is 163741 (base 14) in base 5?
144343411
What is -60c85 (base 13) in base 9?
-284001
What is -8844617 (base 9) in base 12?
-1712aba
-9183888 (base 10) to base 12
-30aa900
-22101064 (base 7) to base 11
-1088201
-101111001010110001011000 (base 2) to base 10
-12364888
What is 11100100100111100111 (base 2) in base 11?
58a604
What is -7076704 (base 10) in base 4?
-122333231200
What is -43602224 (base 7) in base 6?
-212203215
Convert c9288 (base 13) to base 14.
963b5
Convert -30943 (base 12) to base 16.
-f843
Convert 11013444 (base 5) to base 3.
11211010212
Convert -6241a5 (base 14) to base 4.
-30221112111
2105013 (base 7) to base 12
102a86
Convert 1010001100111001001 (base 2) to base 6.
11055333
1a140 (base 16) to base 12
51994
13653612 (base 8) to base 15
414452
5bb358 (base 13) to base 2
1000010111111110110111
4224756 (base 9) to base 14
42bb38
1011010001 (base 2) to base 15
331
What is 1143945 (base 10) in base 14?
21ac65
What is -284508 (base 10) in base 3?
-112110021100
What is 135450 (base 8) in base 12?
23888
What is -664555 (base 7) in base 10?
-116905
245176 (base 11) to base 10
387525
Convert 110103200213 (base 4) to base 8.
24234047
Convert 112112100211001 (base 3) to base 4.
131131132030
What is 4185613 (base 11) in base 6?
422000442
What is -1000222201220 (base 3) in base 10?
-550932
-861627 (base 9) to base 11
-320472
Convert -9570e (base 15) to base 2.
-1110011101111101001
What is -bdf2e (base 16) in base 5?
-144344110
What is 99441 (base 10) in base 7?
562626
Convert 66829 (base 11) to base 15.
1da56
Convert -102253452 (base 6) to base 9.
-3336315
-211020010122 (base 3) to base 5
-102444443
What is -1d5926 (base 14) in base 3?
-1222111002202
102262641 (base 7) to base 13
133a487
What is -350133 (base 8) in base 4?
-131001123
10100000110222 (base 3) to base 5
423144240
a3194a (base 11) to base 6
55302511
What is 13545053 (base 6) in base 8?
1614271
-111000001101011011 (base 2) to base 5
-24331420
-67118 (base 9) to base 6
-542155
What is 220964 (base 11) in base 3?
122220121011
-6696a (base 12) to base 7
-1104655
15121 (base 10) to base 16
3b11
What is -11860 (base 9) in base 7?
-32205
Convert -5010122 (base 7) to base 11.
-3738a0
Convert 5511022 (base 8) to base 13.
3ca377
What is -1152544 (base 6) in base 7?
-344311
Convert 2021240400 (base 5) to base 8.
17456277
Convert 246b46 (base 12) to base 11.
375270
-22134310 (base 6) to base 5
-132301301
Convert 24646 (base 7) to base 6.
50034
What is -716d34 (base 15) in base 5?
-2334430344
What is 13542 (base 7) in base 2?
111001111001
What is -1032212000 (base 4) in base 2?
-1001110100110000000
Convert 1011 (base 3) to base 10.
31
What is -355983 (base 11) in base 3?
-1001122221001
35cfc (base 16) to base 13
7942a
What is 3223134431 (base 5) in base 10?
6849366
Convert 1670655 (base 9) to base 8.
3434546
a0904 (base 16) to base 2
10100000100100000100
What is 1109288 (base 10) in base 8?
4166450
Convert -15417321 (base 8) to base 3.
-20200012100012
What is -14634e (base 15) in base 8?
-3577532
1d4b7a (base 16) to base 10
1919866
What is -493b42 (base 13) in base 8?
-6533305
What is 26235333 (base 7) in base 16?
248e23
-5178450 (base 9) to base 16
-2a3dfe
Convert -3671711 (base 9) to base 8.
-7472112
-30202221 (base 4) to base 11
-3565a
What is 21315150 (base 6) in base 4?
2122113222
-23263251 (base 7) to base 6
-111531040
-67173 (base 11) to base 5
-11103424
Convert -132222330123 (base 4) to base 7.
-125224605
-20322310 (base 4) to base 13
-13822
Convert 5266 (base 8) to base 7.
10665
What is -30141103 (base 5) in base 11?
-154481
-5662541 (base 7) to base 3
-1022210022212
Convert 1322022310 (base 6) to base 7.
251032014
-122103000103 (base 4) to base 12
-2385417
What is -2367b4 (base 16) in base 10?
-2320308
Convert 1011002022022 (base 3) to base 10.
611855
What is 58882 (base 14) in base 6?
4342402
Convert 2110121001111 (base 3) to base 7.
14066344
10c2d6 (base 15) to base 11
4a74a1
Convert -6801 (base 15) to base 9.
-33221
-136b1 (base 12) to base 16
-6925
-111021112 (base 4) to base 13
-30568
What is 4bba81 (base 13) in base 3?
10102201211220
Convert -2612020 (base 7) to base 13.
-bb546
Convert 12101011221120 (base 3) to base 13.
790917
Convert -111110111100101000001 (base 2) to base 16.
-1f7941
Convert -462c9 (base 14) to base 16.
-29ac9
What is 2212110303 (base 4) in base 6?
22334003
-760410 (base 11) to base 13
-337463
Convert 1000010010100101100001 (base 2) to base 6.
114325253
What is -222001220 (base 3) in base 11?
-13308
Convert 45edf (base 16) to base 14.
76555
Convert 8c2140 (base 16) to base 7.
141026130
What is 101110100001000001 (base 2) in base 6?
4030025
What is -11010011110010011 (base 2) in base 7?
-631065
Convert -22747546 (base 8) to base 7.
-60141552
10697 (base 15) to base 2
1100101110010101
Convert -1ee9d8 (base 16) to base 2.
-111101110100111011000
Convert c6825 (base 14) to base 2.
1110100111101010001
Convert -357452 (base 11) to base 12.
-233808
What is 2001010010102 (base 3) in base 16?
108dac
Convert -143401122 (base 6) to base 16.
-2d544a
What is 31425537 (base 8) in base 13?
15058c8
What is -102699 (base 12) in base 3?
-110212102100
What is 1012112120001010 (base 3) in base 13?
3776040
-301002301 (base 4) to base 3
-101012120001
Convert 104224143 (base 5) to base 2.
1110000100101110101
Convert -1012444130 (base 5) to base 3.
-10220120112110
Convert 210514 (base 7) to base 14.
d30b
Convert 6b125 (base 16) to base 3.
211021121011
What is -2d59b (base 14) in base 16?
-1bbd5
What is -26250634 (base 8) in base 16?
-59519c
Convert -165545 (base 14) to base 13.
-215580
What is bd3c (base 15) in base 16?
9cab
What is -12b5303 (base 12) in base 14?
-6cbdab
Convert 14c98 (base 15) to base 8.
202630
What is -122131302 (base 4) in base 8?
-323562
Convert -82b2 (base 16) to base 3.
-1200220012
What is 51111551 (base 6) in base 15?
1db55a
Convert 6765325 (base 8) to base 12.
742959
-13a3637 (base 11) to base 9
-4466223
Convert -901534 (base 16) to base 2.
-100100000001010100110100
What is -2320201101 (base 4) in base 12?
-305469
58